 when n is divided by q?
4
Let l = 4 + 52. What is the remainder when l is divided by 6?
2
Suppose 0 = -p + 5*p - 92. Calculate the remainder when 1 - ((-86)/(-2))/(-1) is divided by p.
21
What is the remainder when 58 is divided by 41/2 + 4/(-8)?
18
Let m = 26 - 10. Let x be 2*(-2)/4 + -2. Let v = 28 - x. Calculate the remainder when v is divided by m.
15
Let d(h) = 4*h**2 + 14*h - 8. What is the remainder when d(-7) is divided by 46?
44
Suppose -9*w + 3 = -150. What is the remainder when w is divided by 4?
1
Let y be (11 - (-1)/1) + -1. Suppose 2*l = l + y. What is the remainder when 5/(10/36) - -2 is divided by l?
9
Suppose 0 = 2*n - 7*n + 10. Let h(f) = f**2 - 5*f - 3. Let d be (18/(-4))/(3/(-4)). Calculate the remainder when h(d) is divided by n.
1
Let w(k) be the third derivative of -k**5/60 + k**4/2 - k**3 - 5*k**2. Calculate the remainder when w(10) is divided by 8.
6
Let z = -39 + 50. Calculate the remainder when 18 is divided by z.
7
Calculate the remainder when 348/18 - 2/(-3) is divided by 8.
4
Let x(a) be the second derivative of 0*a**4 + 0 - 4*a + 0*a**2 + 13/20*a**5 + 1/6*a**3. What is the remainder when 26 is divided by x(1)?
12
Let v = -8 + 5. Let k = -68 - -69. What is the remainder when 6 is divided by v/((-6)/10) - k?
2
Let q(l) = -l + 11. What is the remainder when 40 is divided by q(5)?
4
Calculate the remainder when 4 + 0 + (-360)/(-9) is divided by 15.
14
Let a(v) = 58*v**3 + v**2 - v. Calculate the remainder when a(1) is divided by 15.
13
Suppose 3*f + 8 = -f - 4*i, -i = -f. Let d = 0 - f. What is the remainder when 3 is divided by d?
0
Let y(i) = -i + 20. Let o(m) = m**3 + 3*m**2 + 2*m + 4. Let d be o(-3). Calculate the remainder when y(0) is divided by 0 - d - (0 + -9).
9
Let g be 454/5 + (-1)/(-5). Suppose -5*v + g = -29. Suppose -3*q = -v - 15. What is the remainder when 38 is divided by q?
12
Let q(r) = r**3 + 7*r**2 + 7*r + 5. Let g be 8/36 - 94/18. What is the remainder when q(g) is divided by 7?
6
Let d(g) = 9*g**2 + g + 2. Let j be d(2). Suppose j = -3*s + 4*s. Calculate the remainder when s is divided by 14.
12
Suppose -5 + 14 = 3*x, -4*k + 4*x + 52 = 0. Calculate the remainder when 60 is divided by k.
12
Let m(r) = 8*r - 1. Let o be m(8). Let p = 95 - o. Calculate the remainder when p is divided by (8/12)/((-4)/(-66)).
10
Suppose -4*k + 8 + 27 = -3*d, 0 = 3*d + 3. What is the remainder when 22 is divided by k?
6
Let z be (-3)/(-15) + (-698)/(-10). Suppose 8 = -4*n - 8. Calculate the remainder when 41 is divided by (n/10)/((-2)/z).
13
Suppose -49 + 13 = -2*v. Calculate the remainder when 47 is divided by v.
11
Suppose 0 = 5*y + b + 4, -6*y + 2*b = -2*y - 8. Suppose j - 4*j + 18 = y. Let l = 47 + j. What is the remainder when l is divided by 18?
17
Let h(i) = -5*i. Let l = -13 + 3. Let t = 19 - l. What is the remainder when t is divided by h(-3)?
14
Suppose 5*g = -5*i + 25, -11 = -g + 3*i - 2*i. What is the remainder when 20 is divided by g?
4
Suppose 3*c + c - 30 = 2*a, 0 = -2*c + 2*a + 20. Suppose -g + 11 + 9 = 0. Calculate the remainder when c is divided by g/9 - (-6)/(-27).
1
Suppose -41*f = -39*f - 22. Calculate the remainder when f is divided by 4.
3
Let q(b) = -b**2 - 5*b - 5. Let g(s) = s. Suppose -m - 1 = 0, -1 - 1 = -2*k + 4*m. Let a(p) = k*q(p) - 3*g(p). What is the remainder when a(-4) is divided by 7?
6
Let p(z) = -5*z**2 + z + 1. Let c(t) = -4*t**2 + t + 1. Let o(h) = 5*c(h) - 6*p(h). Calculate the remainder when 18 is divided by o(-1).
8
Let v = 15 - 12. Suppose -v*f + 28 = -23. Suppose 4*q - 232 + 17 = 5*m, 5*m - 135 = -3*q. Calculate the remainder when q is divided by f.
16
Let w(v) = -6*v - 2. Suppose -m + 3*m - 28 = -2*d, -d = 4*m - 14. What is the remainder when w(-7) is divided by d?
12
Let i = 1 + 3. Suppose 5*q + 18 + 41 = i*n, 5*n - 79 = q. What is the remainder when n is divided by 9?
7
Let b = 16 - -5. What is the remainder when 60 is divided by b?
18
Suppose 22*l - 105 = 19*l. What is the remainder when l is divided by (-2)/5 - 124/(-10)?
11
Calculate the remainder when (3/(-2))/((-1)/2) is divided by 1.
0
Let z be ((-51)/6 - 0)*8. Calculate the remainder when 9/3 - (0 + z) is divided by 24.
23
Suppose -2*y + 10 = 0, 3*k = 3*y - 18 - 9. What is the remainder when 0/(-3 - k) - -33 is divided by 18?
15
Suppose 0 = 5*p - 56 - 39. What is the remainder when p is divided by 10?
9
Let u be 140/3*(-18)/(-12). Suppose -t = b - 47, 4*t - u = -3*b + 116. Calculate the remainder when t is divided by 24.
21
Let v be 10/(-4)*(-156)/65. Calculate the remainder when 32 is divided by ((-84)/(-36))/(2/v).
4
Suppose -6*m + 37 + 41 = 0. Calculate the remainder when m is divided by 9.
4
Let a = -8 - -13. Let m be 3/(-5) - 2/a. Calculate the remainder when 13 is divided by 1/((-3)/(m + -14)).
3
Suppose -6 + 2 = 2*u. Suppose 3*l - 7*l = 4. What is the remainder when 44 is divided by (-3 - u) + (l - -17)?
14
Suppose 2*s + 2*k = -2 - 2, -5*k = s + 10. Suppose w = -s*w + 9. Suppose -2*l = g + 3, 0 = -g - 4*l + 3*l + 1. What is the remainder when w is divided by g?
4
Calculate the remainder when 78 is divided by (3*18/(-8))/((-2)/8).
24
Let l(f) = f**2 - 11*f - 26. Calculate the remainder when 75 is divided by l(14).
11
Let w = -9 + 14. Calculate the remainder when 22 is divided by w.
2
Calculate the remainder when (26/6 - 0)*3 is divided by 7.
6
Let k = 0 - -4. Calculate the remainder when 11 is divided by k.
3
Let c = 53 + -23. Calculate the remainder when 57 is divided by (100/c)/((-2)/(-12)).
17
Let y = 3 + 2. Let l = 1 + y. Let n = l + -3. What is the remainder when n is divided by 2?
1
Suppose 2*n = -2*j + 50, 4*n + 21 + 82 = 3*j. Calculate the remainder when j is divided by 10.
9
Let r = 12 + -6. Calculate the remainder when (-5)/15*(1 - -5)*-8 is divided by r.
4
Let m(b) = 3*b + 0*b + 0*b - 5*b**2 + b**3. Suppose 10 = 3*h - h. Calculate the remainder when m(h) is divided by 6.
3
Suppose 0*b + 5*b = 45. Calculate the remainder when 33 is divided by b.
6
Let z = 28 - 20. Calculate the remainder when z is divided by 5.
3
Calculate the remainder when -22*((-36)/8 - -2) is divided by 14.
13
Let v = 71 - 65. Suppose 2*t - w = 20, 2*t + 0*w + 3*w - 28 = 0. What is the remainder when t is divided by v?
5
Let p(n) = 7*n**2 + 26*n - 3. What is the remainder when 42 is divided by p(-4)?
2
Calculate the remainder when (-10)/25 - 214/(-10) is divided by 6.
3
Let a = -60 - -111. Suppose 5*k - 95 = -5*b, 3*k + 2*b = -k + 74. Calculate the remainder when a is divided by k.
15
Let m = 13 - 5. Suppose 0*g + 2*g = 2, 4*g = 5*c - 191. What is the remainder when c is divided by m?
7
Let a(o) = -o**3 + 8*o**2 + 7*o - 7. Let f be a(9). Let l = -18 - f. What is the remainder when l is divided by 5?
2
Suppose 4*a - 10 = -v, 5*v - 2*v - 8 = -a. What is the remainder when (-10)/(-15) - (-2 + (-4)/3) is divided by v?
0
Let y = 13 - 9. Let v(s) = 2*s**2 + 6*s - 5. Let h = -3 - -21. Calculate the remainder when v(y) is divided by h.
15
Let g be 12/30*(-1 - -6). Let t = 1 + g. What is the remainder when 8 is divided by t?
2
Let p be (1/(-2))/(1/(-16)). Suppose -2 = -2*i + p. What is the remainder when -1 + 12 + (2 - 0) is divided by i?
3
Let d = 3 - 1. Let p = d + -4. What is the remainder when 17 is divided by (p/4)/(2/(-24))?
5
Let q = 1 - -17. What is the remainder when 138/4 - (-1)/2 is divided by q?
17
Let s(f) = -3*f. What is the remainder when 8 is divided by s(-2)?
2
Let u = 4 - 12. Calculate the remainder when ((-651)/28)/(3/u) is divided by 13.
10
Let u be 1 - (-1)/2*-18. Let o = u + -25. Let m = 28 - o. What is the remainder when m is divided by 21?
19
Let q(n) = -6*n + 11. Let m be q(6). What is the remainder when (-910)/m + (-6)/(-10) is divided by 55/3 - (-4)/6?
18
Calculate the remainder when 3 is divided by -4*(-3)/6*1.
1
Let i = 257 - 94. Calculate the remainder when i is divided by 41.
40
Suppose 3*r = 3*h - 18, -3*h + 2*r = -3*r - 22. Calculate the remainder when (-3)/(-2)*(5 - -5) is divided by h.
3
Let c(b) = 0 + 0*b - 4 + 2*b. Suppose -5*r = -50 - 25. Calculate the remainder when r is divided by c(6).
7
Suppose 0 = s - 6*a + a + 36, -23 = 3*s + 2*a. Let b = 0 - s. What is the remainder when 21 is divided by b?
10
Let j = 67 + -56. What is the remainder when 65 is divided by j?
10
What is the remainder whe